f i?
2
Let i(f) = -53*f**2 - f - 38. Let n be i(5). Let r = n - -2437. What is the tens digit of r?
6
Let j be ((26/5)/(-13))/((-4)/(-10)). What is the hundreds digit of j - 1923/(-2)*60/90?
6
Let c(m) = 638*m**2 - 1. Let f be c(-1). Suppose 194 = 3*d - f. Suppose -2*w + 2*o - d = -5*w, 0 = 4*w + 2*o - 370. What is the units digit of w?
3
Let c = 1973 + -909. What is the hundreds digit of c?
0
Suppose -2*y - b + 64089 = -60500, 3*b - 249181 = -4*y. What is the units digit of y?
3
Let f = -15849 - -21726. What is the hundreds digit of f?
8
Suppose 4*d - 4*j - 37609 + 1213 = 0, d = -2*j + 9081. What is the units digit of d?
3
Let k(i) = -276*i + 66. Let g be k(4). Let x = -490 - g. What is the tens digit of x?
4
Suppose -1132 = -2*q - 98. Suppose 0 = 4*f - q - 415. What is the tens digit of f?
3
Let q = -191 - -193. Let d(m) = -37*m + 5. Let c be d(-7). Suppose c = 4*b + h, q - 51 = -b + 4*h. What is the units digit of b?
5
Suppose 139 = 6*j - 35. Suppose -25*c = -j*c + 1096. What is the units digit of c?
4
Let v(o) = -859*o - 13564. What is the thousands digit of v(-48)?
7
What is the thousands digit of 16 - -3628 - (-7)/(14/10)?
3
Let s(u) = u**3 - 21*u**2 - 10*u - 98. Let q = 571 - 548. What is the units digit of s(q)?
0
Let g(z) = z**3 - 12*z**2 + 14*z + 10. Suppose 2 = 4*s - 2. Let a be (-6)/21 + s*158/14. What is the units digit of g(a)?
3
Suppose 11*v + 33*v = -264. Let b(j) be the second derivative of -7*j**3/3 - 3*j**2/2 - j. What is the units digit of b(v)?
1
Let l(c) = -c**2 - 3*c + 72. Let o be l(7). Suppose -o*v = -4*a - 2352, v + 0*a = -4*a + 1164. What is the tens digit of v?
7
Suppose 0 = p - y - 5, -5*p + 5 = -5*y + 10*y. What is the tens digit of (4 - (-19 + p))*25/2?
5
Suppose 9*c - 5*c = -2*j + 34, -3*c + 18 = j. Let d = j + 49. What is the tens digit of d?
6
Let u be (3 - 8 - -5)/(-1). Suppose u = -8*k - 0*k + 56. Suppose k + 92 = 9*t. What is the tens digit of t?
1
Let m = -34579 - -59979. What is the ten thousands digit of m?
2
Let q(u) = -4*u - 26. Let t be q(-7). Suppose -1640 = t*c - 7*c. Let w = 468 - c. What is the hundreds digit of w?
1
Suppose 9960 = -374*t + 376*t + 5*l, 3*t + 5*l - 14930 = 0. What is the thousands digit of t?
4
Let c = 29536 - 14492. What is the ten thousands digit of c?
1
Let c be (18/42)/(4/28). Suppose 0 = 5*m - 5*i - 8455, c*m = 5*i + 4384 + 697. What is the thousands digit of m?
1
Let z(k) = -k**2 + 11*k - 12. Let g be z(9). Let t(h) = 233*h - 14*h**3 + 15*h**3 - 17 + 6 - 219*h - 8*h**2. What is the units digit of t(g)?
1
Let r = 5 + -5. Suppose 5*b - 10*b + 570 = r. Suppose 43*u = 37*u + b. What is the tens digit of u?
1
Let v(h) = 3*h + 13. Let z be v(-5). Let x be (15/30)/(z/(-528)). Suppose -x = -2*p + 32. What is the units digit of p?
2
Suppose -18*u + 8 = -64. Suppose 0 = u*r - 5571 - 2013. What is the units digit of r?
6
Let g = 14743 + 6199. What is the tens digit of g?
4
Suppose -5*z + 19 = p, 5*p - 95 = -0*p - 2*z. Suppose 2*d + p + 5 = 0. What is the units digit of (-4)/(-16) - 813/d?
8
Suppose 9*o + 455 - 2066 = 0. Let d = o - -334. What is the hundreds digit of d?
5
Suppose -l + 2*m + 27 = -61, -3*l + 264 = -5*m. What is the hundreds digit of (-770)/(-2) - (-85 + l)?
3
Let x be 2*(108/8)/9. What is the units digit of (65 - x)/(10/(-14) - -1)?
7
What is the tens digit of 11146/(17/(612/24))?
1
Suppose 4*i = 22 - 62. Let m(g) = 14*g - 5. Let l(t) = -5*t + 3. Let z(u) = 11*l(u) + 4*m(u). What is the units digit of z(i)?
3
Let t(v) = -19*v - 4. Let o be t(-4). Let f(k) = 5 + o*k**2 - 70*k**2 - 4 + 75*k**3 - k. What is the units digit of f(1)?
7
Let m(q) = 16*q**3 + 12*q**2 + 5*q - 103. What is the ten thousands digit of m(11)?
2
Let o be (-88)/(-11)*89/2. Let b be ((-70)/(-3))/(9/81). Let x = o - b. What is the units digit of x?
6
Let g(v) = v**3 + 17*v**2 - 2*v + 1. Let f be g(-13). Suppose -3*u = -f - 1706. Suppose u = -5*l + 16*l. What is the tens digit of l?
7
Let f be (63/6)/(1/(-2)). Let w = -232 + 138. Let z = f - w. What is the units digit of z?
3
Let f(b) = b**3 - 18*b**2 + 72*b + 79. Let u be f(9). Let k(o) = -5*o**2 - o - 6. Let i be k(-6). What is the units digit of (-9750)/i + u/12?
4
Let p(c) = 560*c**2 + 7*c - 47. What is the ten thousands digit of p(5)?
1
Let z = 88 + -84. Suppose -2*f + m + 264 + 377 = 0, -z*m = -4*f + 1288. What is the units digit of f?
9
Suppose -k + 38*k = 11174. What is the tens digit of k/3*(-405)/(-30)?
5
Suppose -3*t + 8 = d, 0 = -4*t + 4*d + 9 + 7. Let a(b) = 2*b**3 - 4*b**2 - 7*b + 7. Let l be a(5). What is the units digit of (6/4)/(t/l)?
1
What is the thousands digit of (896/(-256))/(14/(-17012))?
4
Let y(m) = 5*m + 25. Suppose 20 + 17 = -5*w + 4*s, -4*w = 2*s + 14. Let f be y(w). Suppose -9*n + 365 + 859 = f. What is the hundreds digit of n?
1
Let v be (8 + -5 - 2)*9. Suppose -v*x = -12*x + 30. What is the units digit of (-47*1)/(x/(-20))?
4
Let z(v) = 15*v**3 + 9*v + 5 - 4*v**2 - 14*v**3 - 24*v - 8*v**2. Let q be z(13). Let s = q + 178. What is the units digit of s?
7
Let i = 44 - 71. Let r(a) = 2*a**2 + 26*a + 53. What is the tens digit of r(i)?
0
Let p = -5294 + 1938. What is the units digit of p/(-36) + 8/(-36)?
3
Let w(p) = 8*p**2 - 3*p + 1. Let j be w(2). Let k = j - 22. Suppose 2*q - 138 = -4*v, 3*v + 312 = k*q + 2*v. What is the units digit of q?
3
Let k(u) be the third derivative of u**5/30 - u**4/24 + 7*u**3/3 + 26*u**2 - 1. What is the hundreds digit of k(14)?
3
Let a(l) = -4*l + 54. Let c be a(-13). Suppose 0 = -2*k + 2 + 2. Suppose -m = 5*u - 288, k*u - 3*m + 8*m = c. What is the units digit of u?
8
Let c = -99264 + 181303. What is the units digit of c?
9
Let h = 8934 + -3904. What is the hundreds digit of h?
0
Suppose 0 = 8*p - 18 + 10. What is the tens digit of (-6 + 621 + 2)*p?
1
Let l(f) = 3170*f**2 + 18*f - 5. What is the thousands digit of l(2)?
2
Suppose -3*d - 28 = -5*r, -2*r - 3*d + 5 = 2*d. Suppose 4*l + 3*k + 2 = r, 5*k = -3*l - 6. Suppose -16 = u - l*u. What is the units digit of u?
8
Suppose 45 = -35*p + 26*p. Let d(f) = -89*f - 21. What is the hundreds digit of d(p)?
4
Suppose -2*g - 18 = -6. Let p be ((-21)/(-14))/((-21)/g - 3). What is the units digit of (312/p + 4)*2?
6
Let r be (-16)/12*(-6)/(-4) + 2. Suppose -3*d + 1252 + 521 = r. What is the units digit of d?
1
Suppose 34*i + 14*i - 194304 = 0. What is the thousands digit of i?
4
Let h be -431*(1 + 0 + -2) - 2. Suppose -2*q - 112 = -l + 104, h = 2*l - q. What is the hundreds digit of l - (5 - 15/3)?
2
Let j be (-428)/(-18) - (-158)/711. Suppose 4*x + 13 = -19. Let a = j - x. What is the units digit of a?
2
Let g = -103 + 114. Suppose 0*i - g*i = -3146. What is the hundreds digit of i?
2
Let c = 61 + -54. Suppose -1 = -u + c. Let r = u - -35. What is the units digit of r?
3
Let p(s) = 2*s**3 - 10*s**2 - 120*s - 19. What is the tens digit of p(16)?
9
Suppose 5*o + 122 = -118. Let t be ((-360)/o)/((-3)/(-52)). Let s = 287 - t. What is the units digit of s?
7
Suppose -383 = 7*h - 2364. Suppose 0 = h*i - 285*i + 94. What is the units digit of i?
7
Let p = -25256 - -93367. What is the ten thousands digit of p?
6
Suppose -168*g = -175*g + 7. Let a(h) = 228*h**2 - h + 2. What is the hundreds digit of a(g)?
2
Suppose -19*q = 25*q + 24*q - 2018920. What is the hundreds digit of q?
6
Let h(n) = 695*n - 3407. What is the units digit of h(17)?
8
Suppose 83*z - 132668 = 66*z. What is the thousands digit of z?
7
Let p = -2902 - -4267. Let y = p - 740. What is the tens digit of y?
2
What is the thousands digit of (-32875)/(-10) - 51/85*5/2?
3
Let m = -198 + 202. Suppose -11*a = m*a - 1575. What is the hundreds digit of a?
1
Let i(k) = k**3 - 31*k**2 - 5*k - 45. Let v be i(31). Let j = v + 256. What is the tens digit of j?
5
Suppose 0 = -4*l - 2*v - 302, 3*l - 2*v - 71 = 4*l. What is the units digit of (l/(-3))/((-65)/(-195))?
7
Let q be ((-12)/(-15))/(5/25). Suppose -t = t. Suppose -q*y + t*h = -4*h - 740, -5*y + 893 = 3*h. What is the tens digit of y?
8
What is the ten thousands digit of 21511 - (-8)/30*(-96)/(-64)*5?
2
Suppose 0*o = 8*o - 32. Suppose o*l = -z - 38 + 12, -3*z - 5*l - 113 = 0. Let i = 88 + z. What is the tens digit of i?
4
Let m be (3/(-6))/((-2)/(-120)). Let a be (m/(-90))/((-1)/6 + 0). What is the units digit of ((-9)/(-3) + -109)/a?
3
Suppose 4*b =